 factors of 429872701.
19, 131, 172709
What are the prime factors of 1913302967?
37, 51710891
List the prime factors of 11571066.
2, 3, 13, 53, 311
What are the prime factors of 112618618?
2, 7, 281, 28627
List the prime factors of 35184551.
35184551
What are the prime factors of 7307814?
2, 3, 277, 4397
List the prime factors of 109941097.
7, 31, 37, 13693
What are the prime factors of 56288843?
13, 23, 79, 2383
What are the prime factors of 215896415?
5, 7, 6168469
List the prime factors of 53236968.
2, 3, 2218207
List the prime factors of 273663371.
281, 973891
List the prime factors of 127826433.
3, 7, 19, 23, 4643
What are the prime factors of 1673536873?
1673536873
List the prime factors of 45006519.
3, 15002173
List the prime factors of 924564505.
5, 3271, 56531
List the prime factors of 2066290576.
2, 7, 61, 302443
What are the prime factors of 3494327644?
2, 10589, 82499
List the prime factors of 45334002.
2, 3, 7, 17, 63493
What are the prime factors of 1966038712?
2, 11, 17, 23, 57139
What are the prime factors of 298073372?
2, 74518343
What are the prime factors of 239244247?
11, 17, 991, 1291
List the prime factors of 418332256.
2, 131, 99793
What are the prime factors of 1825246467?
3, 11, 2048537
List the prime factors of 2789392407.
3, 71, 13095739
What are the prime factors of 19509918?
2, 3, 3251653
List the prime factors of 493906065.
3, 5, 32927071
List the prime factors of 1113128721.
3, 29, 41, 104021
List the prime factors of 826688701.
23, 1069, 33623
List the prime factors of 12025023.
3, 421, 9521
List the prime factors of 313103426.
2, 2939, 53267
List the prime factors of 82803885.
3, 5, 5520259
What are the prime factors of 18019535?
5, 653, 5519
What are the prime factors of 295234157?
227, 877, 1483
List the prime factors of 69048134.
2, 1223, 28229
What are the prime factors of 41190524?
2, 17, 103, 5881
What are the prime factors of 406425783?
3, 17, 53, 2837
What are the prime factors of 1548423067?
113, 13702859
List the prime factors of 73107217.
3547, 20611
List the prime factors of 485235245.
5, 11, 8822459
List the prime factors of 4235471473.
401, 10562273
What are the prime factors of 4547510573?
23, 179, 457, 2417
What are the prime factors of 43974145?
5, 383, 22963
List the prime factors of 931001273.
19, 1009, 48563
List the prime factors of 764173365.
3, 5, 557, 91463
List the prime factors of 3922450024.
2, 43, 11402471
What are the prime factors of 1740082131?
3, 6221, 31079
List the prime factors of 167463873.
3, 199, 93503
What are the prime factors of 100581461?
23, 4373107
List the prime factors of 275702149.
10597, 26017
What are the prime factors of 1364561877?
3, 7, 41, 677, 2341
List the prime factors of 19782307.
193, 102499
What are the prime factors of 24660081?
3, 17, 19, 499
What are the prime factors of 1723741?
43, 40087
What are the prime factors of 687637432?
2, 85954679
List the prime factors of 3599063883.
3, 399895987
What are the prime factors of 85603498?
2, 42801749
What are the prime factors of 29004355?
5, 19, 109, 2801
List the prime factors of 290128484.
2, 72532121
List the prime factors of 46072733.
7, 37, 177887
List the prime factors of 172226985.
3, 5, 7, 239, 6863
List the prime factors of 56769430.
2, 5, 5676943
List the prime factors of 107218670.
2, 5, 13, 63443
List the prime factors of 10363805.
5, 373, 5557
What are the prime factors of 13668781?
7, 229, 8527
What are the prime factors of 10400739?
3, 3466913
List the prime factors of 296264501.
13, 22789577
List the prime factors of 37301308.
2, 11, 23, 29, 31, 41
What are the prime factors of 511060650?
2, 3, 5, 37, 92083
What are the prime factors of 126984875?
5, 491, 2069
What are the prime factors of 274853767?
12743, 21569
List the prime factors of 4724747217.
3, 41, 12804193
List the prime factors of 7069543.
13, 543811
List the prime factors of 606854992.
2, 37928437
List the prime factors of 298902554.
2, 163, 916879
List the prime factors of 489068634.
2, 3, 1181, 69019
List the prime factors of 438568718.
2, 7, 31, 41, 503
What are the prime factors of 45416842?
2, 29, 773, 1013
What are the prime factors of 142234051?
281, 506171
List the prime factors of 174351518.
2, 11, 1621, 4889
What are the prime factors of 1172550846?
2, 3, 195425141
What are the prime factors of 63666116?
2, 23, 127, 5449
List the prime factors of 4664841105.
3, 5, 61, 89, 57283
List the prime factors of 1575527325.
3, 5, 683, 30757
What are the prime factors of 86015674?
2, 79, 544403
What are the prime factors of 6641368319?
19, 9011, 38791
List the prime factors of 88561517.
11, 17, 41, 11551
What are the prime factors of 53155633?
53155633
What are the prime factors of 117343284?
2, 3, 631, 15497
What are the prime factors of 984432956?
2, 13, 29, 107, 6101
What are the prime factors of 3847890434?
2, 1923945217
List the prime factors of 80245516.
2, 13, 563, 2741
List the prime factors of 408074427.
3, 45341603
What are the prime factors of 788997513?
3, 859, 306169
List the prime factors of 1644859615.
5, 7, 46995989
List the prime factors of 117105466.
2, 23, 2545771
What are the prime factors of 33494355?
3, 5, 167, 4457
What are the prime factors of 5969210499?
3, 7, 8719, 10867
What are the prime factors of 33447819?
3, 23, 484751
List the prime factors of 1366479828.
2, 3, 7, 1807513
What are the prime factors of 374019779?
7, 751, 71147
List the prime factors of 1132754366.
2, 6911, 81953
What are the prime factors of 214188900?
2, 3, 5, 19, 53, 709
What are the prime factors of 114358698?
2, 3, 6353261
What are the prime factors of 1310088064?
2, 10235063
What are the prime factors of 221061461?
29, 223, 34183
What are the prime factors of 6583158525?
3, 5, 2917, 30091
What are the prime factors of 638326533?
3, 13, 2591, 6317
List the prime factors of 2031722.
2, 7, 11, 79, 167
List the prime factors of 415847232.
2, 3, 113, 6389
List the prime factors of 1298196564.
2, 3, 7, 331, 46691
List the prime factors of 15487302.
2, 3, 83, 137, 227
List the prime factors of 209157089.
131, 353, 4523
What are the prime factors of 255432?
2, 3, 29, 367
What are the prime factors of 1199334691?
563, 1093, 1949
What are the prime factors of 21573930?
2, 3, 5, 7, 19, 5407
What are the prime factors of 407168983?
13, 67, 467473
What are the prime factors of 38099275?
5, 19, 80209
List the prime factors of 250896556.
2, 37, 59, 487
List the prime factors of 499744865.
5, 3217, 31069
List the prime factors of 130951665.
3, 5, 13, 223849
What are the prime factors of 9074560?
2, 5, 11, 1289
What are the prime factors of 1263068035?
5, 19, 13295453
List the prime factors of 6219017.
7, 888431
List the prime factors of 2102405971.
37, 89, 293, 2179
List the prime factors of 77067592.
2, 7, 47, 89
List the prime factors of 7905205270.
2, 5, 59, 13398653
What are the prime factors of 5815927?
13, 631, 709
What are the prime factors of 73507710?
2, 3, 5, 67, 36571
List the prime factors of 299745491.
659, 454849
List the prime factors of 276145645.
5, 55229129
What are the prime factors of 1587805035?
3, 5, 105853669
What are the prime factors of 425381763?
3, 53, 97, 27581
What are the prime factors of 426793926?
2, 3, 13, 31, 176507
List the prime factors of 1128871165.
5, 23, 3001, 3271
List the prime factors of 5138918271.
3, 37, 1187, 13001
List the prime factors of 193609698.
2, 3, 449, 71867
What are the prime factors of 26142064?
2, 13, 125683
List the prime factors of 37380035.
5, 7, 11, 79, 1229
What are the prime factors of 1207146518?
2, 29, 41, 507631
What are the prime factors of 102248133?
3, 13, 23, 113989
List the prime factors of 3593042749.
41, 281, 311869
What are the prime factors of 124420367?
277, 449171
What are the prime factors of 315966066?
2, 3, 13, 4050847
List the prime factors of 246327753.
3, 7, 1109, 1511
What are the prime factors of 1978650369?
3, 37, 1980631
What are the prime factors of 3781556353?
43, 87943171
List the prime factors of 1706502665.
5, 7, 6965317
List the prime factors of 1022249982.
2, 3, 13, 461, 28429
List the prime factors of 28006132.
2, 7, 11, 79, 1151
List the prime factors of 268128754.
2, 179, 748963
What are the prime factors of 5659966510?
2, 5, 11, 3761, 13681